e 8
-354366
-7532b (base 13) to base 10
-211456
What is 14dd2 (base 16) in base 10?
85458
Convert 1ea1d1 (base 15) to base 14.
2b16ac
What is -242015 (base 10) in base 9?
-407875
What is -55264 (base 7) in base 6?
-144104
Convert -a8940 (base 11) to base 16.
-269ef
What is -17887025 (base 9) in base 3?
-121222221000212
Convert 504602 (base 7) to base 15.
1a5d8
567754 (base 8) to base 16
2efec
-62211445 (base 7) to base 11
-2a40791
-117606 (base 10) to base 6
-2304250
-611730 (base 8) to base 10
-201688
Convert 4452235 (base 7) to base 12.
2267a7
30721b2 (base 13) to base 5
12224410222
Convert -10101110100101101111 (base 2) to base 14.
-14887d
-1214b9 (base 15) to base 11
-540a41
Convert 3031315 (base 6) to base 11.
99373
Convert 101a2b (base 12) to base 2.
111101100010000011
What is 32035310 (base 6) in base 14?
1a5ca6
8bc21 (base 13) to base 14
68b78
-154241 (base 7) to base 8
-73147
-a066 (base 14) to base 5
-1340110
Convert 10721a (base 13) to base 16.
5e7d9
What is -200644 (base 7) in base 4?
-20102110
Convert -279c08 (base 15) to base 8.
-7213040
26120 (base 14) to base 11
64299
11300002 (base 5) to base 13
37c2b
What is -625a2c (base 13) in base 9?
-4281631
d50e6 (base 15) to base 12
286900
What is 3300302002 (base 4) in base 9?
1762774
11e022 (base 15) to base 11
5360a8
Convert -345353 (base 8) to base 10.
-117483
Convert -121133301 (base 4) to base 2.
-11001011111110001
What is 372432 (base 8) in base 2?
11111010100011010
Convert 1234001 (base 6) to base 13.
2462b
What is 1101010001110001011 (base 2) in base 13?
12305c
What is 121102221 (base 5) in base 16?
8a2b0
Convert -10211144 (base 5) to base 8.
-246266
Convert -225390b (base 13) to base 11.
-5a54242
Convert 20d50 (base 15) to base 12.
503b6
Convert -1562112 (base 7) to base 3.
-102000102220
What is 523494 (base 10) in base 2?
1111111110011100110
What is 9485238 (base 10) in base 4?
210023232312
-70ccad (base 14) to base 2
-1110011111110010001001
Convert 1929516 (base 11) to base 15.
446bbd
What is 39c1a5 (base 16) in base 14?
7075c1
Convert 10000111101110101010011 (base 2) to base 7.
52542452
Convert -148847 (base 9) to base 2.
-10110011010101000
What is d3b07 (base 15) in base 5?
132430412
Convert -1bda1c (base 15) to base 3.
-2120012212100
-2110103302 (base 4) to base 13
-18366a
Convert -1010001010101001000001 (base 2) to base 15.
-379985
What is 22b18 (base 15) in base 3?
12121120112
What is 112000020122 (base 3) in base 16?
4351d
Convert -10000100001000001110 (base 2) to base 6.
-15333314
Convert 40035103 (base 6) to base 14.
213c75
Convert -7c6221 (base 14) to base 12.
-1507299
Convert -12505451 (base 6) to base 9.
-700044
Convert 1987345 (base 11) to base 12.
1155519
-3751133 (base 8) to base 10
-1036891
Convert 131242 (base 5) to base 16.
144d
What is -25263 (base 8) in base 15?
-338b
1405435 (base 6) to base 7
446225
Convert 81c020 (base 15) to base 5.
3034304110
What is -12b047 (base 13) in base 11?
-28a092
-4234727 (base 8) to base 10
-1128919
What is -3443454 (base 6) in base 8?
-531672
Convert -16078 (base 9) to base 6.
-122542
What is -32342201 (base 5) in base 11?
-17a797
What is 1032023023 (base 4) in base 2?
1001110001011001011
Convert 101133001 (base 4) to base 15.
16347
What is 145668 (base 11) in base 10?
227070
12278 (base 10) to base 15
3988
What is -4358b (base 16) in base 7?
-2226142
What is -4512a (base 11) in base 15?
-14582
What is -32725744 (base 8) in base 14?
-d197b6
What is -10000001011100001 (base 2) in base 14?
-1a21b
535540 (base 7) to base 11
64051
Convert 11337004 (base 8) to base 13.
687ac5
-4824158 (base 10) to base 4
-102121301132
45397 (base 12) to base 7
532414
What is -1450e8 (base 15) in base 7?
-11215064
-22106607 (base 8) to base 14
-8bab43
What is 52101204 (base 7) in base 12?
1569109
Convert -569a7 (base 15) to base 14.
-725c9
What is 21110001 (base 5) in base 11?
10aa50
-100100001011011111 (base 2) to base 11
-a137a
Convert -200022201222 (base 3) to base 10.
-360665
What is 24126 (base 11) in base 6?
424523
Convert -134341411 (base 5) to base 13.
-1b658b
256464 (base 8) to base 15
1b74b
1a126 (base 16) to base 9
172435
Convert 1a11863 (base 12) to base 2.
10100111110010010001011
Convert 15828046 (base 9) to base 11.
4528111
Convert 3082192 (base 10) to base 16.
2f07d0
Convert -21401217 (base 8) to base 7.
-53666414
What is -1022504141 (base 6) in base 10?
-10770685
What is -201231303223 (base 4) in base 15?
-b98ba4
33013131 (base 4) to base 15
1352c
-234140323 (base 6) to base 3
-22021110221120
What is ee91 (base 16) in base 5?
3423243
-80014 (base 10) to base 3
-11001202111
Convert -530057 (base 8) to base 5.
-21114200
What is -2011121012211 (base 3) in base 15?
-17bb5a
-12110202021221 (base 3) to base 2
-1011000110000000100011
What is 2385e (base 16) in base 3?
21101120222
1486508 (base 9) to base 4
3021121100
Convert -1dc62d (base 15) to base 9.
-2663817
What is -1b35b64 (base 13) in base 10?
-9009641
What is -334479 (base 10) in base 6?
-11100303
Convert 1000022022120 (base 3) to base 7.
4366032
1324332044 (base 5) to base 7
40343066
What is -130035001 (base 6) in base 9?
-4666731
Convert 1000200102222 (base 3) to base 14.
102806
Convert -12141 (base 15) to base 3.
-2221002121
What is -85310 (base 11) in base 9?
-208272
20001020000 (base 3) to base 14
31513
-440302000 (base 6) to base 2
-11101111111011011010000
What is -50535 (base 10) in base 15?
-ee90
What is 2110121021 (base 4) in base 16?
94649
-13343312 (base 6) to base 15
-8d155
Convert 110112133 (base 4) to base 2.
10100010110011111
What is -355425535 (base 6) in base 10?
-6706787
What is -1202520 (base 6) in base 15?
-1393c
-1d2478 (base 15) to base 6
-50314235
What is -8220910 (base 10) in base 9?
-16418864
What is 4014242 (base 6) in base 8?
560722
Convert c911 (base 15) to base 7.
235012
What is -24132400 (base 6) in base 9?
-1375710
Convert 5b7a (base 12) to base 5.
312233
79c0 (base 13) to base 11
118a6
Convert -4572156 (base 10) to base 12.
-1645b10
What is 20133020 (base 4) in base 7?
203225
What is 397439 (base 12) in base 5?
220231322
Convert -41234147 (base 8) to base 13.
-1a68c15
Convert -371732 (base 13) to base 12.
-53634b
-2ec4c (base 15) to base 14
-3d1b2
Convert 41417 (base 10) to base 3.
2002210222
503ecd (base 15) to base 7
44246605
What is 333231 (base 6) in base 16?
6d33
What is -52010a (base 11) in base 6?
-25520112
6442 (base 7) to base 10
2284
What is 5778090 (base 11) in base 6?
1000235500
6463164 (base 11) to base 12
3981394
What is -1b2e59 (base 16) in base 13?
-4a4a5c
1304415 (base 8) to base 3
200102121202
Convert -1a13ab (base 16) to base 9.
-3184236
What is 5a5466 (base 12) in base 11?
908593
What is -3033102332 (base 4) in base 5?
-204132321
What is 591927b (base 12) in base 16?
1068b3f
Convert -1223503 (base 8) to base 6.
-11123323
What is -8540a (base 11) in base 12?
-5bb05
Convert -11431031 (base 5) to base 14.
-2b654
Convert -13333735 (base 8) to base 13.
-80b9c1
-9507a (base 14) to base 12
-154104
-203619 (base 12) to base 5
-112104413
5d231 (base 16) to base 4
1131020301
Convert 12012101020 (base 3) to base 10.
102336
1110120330 (base 4) to base 14
8dd80
Convert 2124442 (base 6) to base 2.
11001100100001010
What is 33301021 (base 4) in base 13?
23521
What is -47474017 (base 8) in base 11?
-59537a4
Convert -302414023 (base 6) to base 14.
-98663d
What is -3344642 (base 10) in base 6?
-155404242
What is -47bb14 (base 15) in base 9?
-6410111
-17ac1c (base 13) to base 7
-5026255
What is 12010201120200 (base 3) in base 8?
12325040
3824084 (base 10) to base 12
1345018
-531420 (base 9) to base 15
-63969
Convert 241019 (base 10) to base 14.
63b99
What is 12011001201 (base 3) in base 12?
4a801
What is 12c0b42 (base 13) in base 5?
3003222130
What is 220012112 (base 3) in base 13?
8054
Convert 10001101101011011110111 (base 2) to base 15.
61a886
Convert 10001011122 (base 3) to base 6.
1141155
Convert -b6b66 (base 12) to base 15.
-4b236
-310231110 (base 4) to base 10
-215892
Convert 632341 (base 7) to base 5.
11441112
-c7a10 (base 15) to base 7
-5245422
What is -1331650 (base 10) in base 9?
-2448611
What is 271ac (base 15) in base 5?
13002022
Convert -726340 (base 8) to base 6.
-5055040
What is 93ad75 (base 14) in base 4?
103001032123
What is 1